{"id":969,"date":"2026-04-17T12:17:46","date_gmt":"2026-04-17T10:17:46","guid":{"rendered":"https:\/\/constructionsummit.de\/booking\/?post_type=product&#038;p=969"},"modified":"2026-04-17T15:15:29","modified_gmt":"2026-04-17T13:15:29","slug":"doppelseitige-anzeige-frei-gestaltbares-grafikdesign","status":"publish","type":"product","link":"https:\/\/constructionsummit.de\/booking\/shop\/doppelseitige-anzeige-frei-gestaltbares-grafikdesign\/","title":{"rendered":"Maximale Wirkung f\u00fcr eure Marke &#8211; doppelseitige Anzeige"},"content":{"rendered":"<p data-start=\"0\" data-end=\"93\"><strong>Doppelseitige Anzeige im Construction Summit Update Magazin \u2013 maximale Pr\u00e4senz f\u00fcr eure Marke<\/strong><\/p>\n<p data-start=\"95\" data-end=\"485\">Setzt eure Marke gro\u00dffl\u00e4chig und aufmerksamkeitsstark im Construction Summit UPDATE Magazin in Szene und erreicht eine relevante Fachzielgruppe nachhaltig \u00fcber das Event hinaus. Mit einer individuell gestalteten <strong data-start=\"307\" data-end=\"328\">Doppelseite (2\/1)<\/strong> habt ihr maximalen Raum, um eure Botschaften, Produkte und Leistungen wirkungsvoll zu pr\u00e4sentieren \u2013 eingebettet in ein hochwertiges, redaktionelles Umfeld.<\/p>\n<p data-start=\"487\" data-end=\"668\">Ihr stellt die Inhalte bereit, wir \u00fcbernehmen die Integration, Platzierung im Layout sowie die technische Pr\u00fcfung und Druckoptimierung, damit eure Anzeige optimal zur Geltung kommt.<\/p>\n<p data-start=\"670\" data-end=\"921\">Die Anzeige basiert vollst\u00e4ndig auf euren gelieferten Texten, Bildern, Grafiken und Logos. Eine redaktionelle Bearbeitung erfolgt nicht; kleinere Optimierungen bestehender Inhalte sind m\u00f6glich. Die Ver\u00f6ffentlichung erfolgt nach eurer finalen Freigabe.<\/p>\n<p data-start=\"923\" data-end=\"1032\">Nutzt die doppelte Fl\u00e4che f\u00fcr maximale Sichtbarkeit und bleibt nachhaltig bei eurer Zielgruppe im Ged\u00e4chtnis.<\/p>\n<p data-start=\"1034\" data-end=\"1089\" data-is-last-node=\"\" data-is-only-node=\"\"><strong data-start=\"1034\" data-end=\"1055\">Ver\u00f6ffentlichung:<\/strong> Februar 2027<br data-start=\"1068\" data-end=\"1071\" \/><strong data-start=\"1071\" data-end=\"1083\">Auflage:<\/strong> 5.000<\/p>\n","protected":false},"excerpt":{"rendered":"<p>Doppelseitige Anzeige im Construction Summit Update Magazin \u2013 maximale Pr\u00e4senz f\u00fcr eure Marke Setzt eure Marke gro\u00dffl\u00e4chig und aufmerksamkeitsstark im Construction Summit UPDATE Magazin in Szene und erreicht eine relevante Fachzielgruppe nachhaltig \u00fcber das Event hinaus. Mit einer individuell gestalteten Doppelseite (2\/1) habt ihr maximalen Raum, um eure Botschaften, Produkte und Leistungen wirkungsvoll zu pr\u00e4sentieren&hellip; <a class=\"more-link\" href=\"https:\/\/constructionsummit.de\/booking\/shop\/doppelseitige-anzeige-frei-gestaltbares-grafikdesign\/\"><span class=\"screen-reader-text\">Maximale Wirkung f\u00fcr eure Marke &#8211; doppelseitige Anzeige<\/span> weiterlesen<\/a><\/p>\n","protected":false},"featured_media":0,"comment_status":"open","ping_status":"closed","template":"","meta":[],"product_brand":[],"product_cat":[43],"product_tag":[],"class_list":{"0":"post-969","1":"product","2":"type-product","3":"status-publish","5":"product_cat-construction-update-magazine","6":"entry","8":"first","9":"instock","10":"sold-individually","11":"taxable","12":"shipping-taxable","13":"purchasable","14":"product-type-simple"},"_links":{"self":[{"href":"https:\/\/constructionsummit.de\/booking\/wp-json\/wp\/v2\/product\/969","targetHints":{"allow":["GET"]}}],"collection":[{"href":"https:\/\/constructionsummit.de\/booking\/wp-json\/wp\/v2\/product"}],"about":[{"href":"https:\/\/constructionsummit.de\/booking\/wp-json\/wp\/v2\/types\/product"}],"replies":[{"embeddable":true,"href":"https:\/\/constructionsummit.de\/booking\/wp-json\/wp\/v2\/comments?post=969"}],"wp:attachment":[{"href":"https:\/\/constructionsummit.de\/booking\/wp-json\/wp\/v2\/media?parent=969"}],"wp:term":[{"taxonomy":"product_brand","embeddable":true,"href":"https:\/\/constructionsummit.de\/booking\/wp-json\/wp\/v2\/product_brand?post=969"},{"taxonomy":"product_cat","embeddable":true,"href":"https:\/\/constructionsummit.de\/booking\/wp-json\/wp\/v2\/product_cat?post=969"},{"taxonomy":"product_tag","embeddable":true,"href":"https:\/\/constructionsummit.de\/booking\/wp-json\/wp\/v2\/product_tag?post=969"}],"curies":[{"name":"wp","href":"https:\/\/api.w.org\/{rel}","templated":true}]}}