{"id":918,"date":"2025-09-19T08:10:26","date_gmt":"2025-09-19T06:10:26","guid":{"rendered":"https:\/\/constructionsummit.de\/booking\/?post_type=product&#038;p=918"},"modified":"2025-09-19T08:10:54","modified_gmt":"2025-09-19T06:10:54","slug":"matcha-bar","status":"publish","type":"product","link":"https:\/\/constructionsummit.de\/booking\/shop\/matcha-bar\/","title":{"rendered":"Matcha Bar"},"content":{"rendered":"<p data-start=\"50\" data-end=\"121\"><strong data-start=\"50\" data-end=\"119\">Matcha Bar auf dem Summit \u2013 Frische Energie, volle Aufmerksamkeit<\/strong><\/p>\n<p data-start=\"123\" data-end=\"340\">Begeistert eure Besucher mit belebenden Matcha-Drinks und schafft erfrischende Begegnungen direkt an eurem Stand! Die Matcha Bar wird nahtlos in euren Summit-Auftritt integriert und garantiert zum gr\u00fcnen Eyecatcher.<\/p>\n<p data-start=\"342\" data-end=\"538\">Inklusive:\u00a0<strong>Fl\u00e4che (+6 m\u00b2 zum Basispaket), Equipment, individuelles Branding, Personal \u2013 und 500 Portionen f\u00fcr zwei Tage.<\/strong><br data-start=\"466\" data-end=\"469\" \/><strong>Mehr Genuss gew\u00fcnscht? 100 zus\u00e4tzliche Portionen f\u00fcr 713 \u20ac buchbar.<\/strong><\/p>\n<p data-start=\"540\" data-end=\"610\">Jetzt mit gr\u00fcnem Energie-Highlight und starker Pr\u00e4senz durchstarten!<\/p>\n","protected":false},"excerpt":{"rendered":"<p>Matcha Bar auf dem Summit \u2013 Frische Energie, volle Aufmerksamkeit Begeistert eure Besucher mit belebenden Matcha-Drinks und schafft erfrischende Begegnungen direkt an eurem Stand! Die Matcha Bar wird nahtlos in euren Summit-Auftritt integriert und garantiert zum gr\u00fcnen Eyecatcher. Inklusive:\u00a0Fl\u00e4che (+6 m\u00b2 zum Basispaket), Equipment, individuelles Branding, Personal \u2013 und 500 Portionen f\u00fcr zwei Tage.Mehr Genuss&hellip; <a class=\"more-link\" href=\"https:\/\/constructionsummit.de\/booking\/shop\/matcha-bar\/\"><span class=\"screen-reader-text\">Matcha Bar<\/span> weiterlesen<\/a><\/p>\n","protected":false},"featured_media":0,"comment_status":"open","ping_status":"closed","template":"","meta":[],"product_brand":[],"product_cat":[39],"product_tag":[],"class_list":{"0":"post-918","1":"product","2":"type-product","3":"status-publish","5":"product_cat-lead-magnets","6":"entry","8":"first","9":"instock","10":"sold-individually","11":"taxable","12":"shipping-taxable","13":"purchasable","14":"product-type-simple"},"_links":{"self":[{"href":"https:\/\/constructionsummit.de\/booking\/wp-json\/wp\/v2\/product\/918","targetHints":{"allow":["GET"]}}],"collection":[{"href":"https:\/\/constructionsummit.de\/booking\/wp-json\/wp\/v2\/product"}],"about":[{"href":"https:\/\/constructionsummit.de\/booking\/wp-json\/wp\/v2\/types\/product"}],"replies":[{"embeddable":true,"href":"https:\/\/constructionsummit.de\/booking\/wp-json\/wp\/v2\/comments?post=918"}],"wp:attachment":[{"href":"https:\/\/constructionsummit.de\/booking\/wp-json\/wp\/v2\/media?parent=918"}],"wp:term":[{"taxonomy":"product_brand","embeddable":true,"href":"https:\/\/constructionsummit.de\/booking\/wp-json\/wp\/v2\/product_brand?post=918"},{"taxonomy":"product_cat","embeddable":true,"href":"https:\/\/constructionsummit.de\/booking\/wp-json\/wp\/v2\/product_cat?post=918"},{"taxonomy":"product_tag","embeddable":true,"href":"https:\/\/constructionsummit.de\/booking\/wp-json\/wp\/v2\/product_tag?post=918"}],"curies":[{"name":"wp","href":"https:\/\/api.w.org\/{rel}","templated":true}]}}