{"id":916,"date":"2025-09-19T08:08:47","date_gmt":"2025-09-19T06:08:47","guid":{"rendered":"https:\/\/constructionsummit.de\/booking\/?post_type=product&#038;p=916"},"modified":"2026-04-14T09:37:01","modified_gmt":"2026-04-14T07:37:01","slug":"hot-dog-stand","status":"publish","type":"product","link":"https:\/\/constructionsummit.de\/booking\/shop\/hot-dog-stand\/","title":{"rendered":"Hot-Dog-Stand"},"content":{"rendered":"<p data-start=\"65\" data-end=\"132\"><strong data-start=\"65\" data-end=\"130\">Hot-Dog-Stand auf dem Summit \u2013 Herzhaft, lecker, un\u00fcbersehbar<\/strong><\/p>\n<p data-start=\"134\" data-end=\"365\">Verw\u00f6hnt eure Besucher mit frisch zubereiteten Hot Dogs und sorgt f\u00fcr genussvolle Begegnungen direkt an eurem Stand! Der Hot-Dog-Stand wird nahtlos in euren Summit-Auftritt integriert und zieht garantiert Aufmerksamkeit auf sich.<\/p>\n<p data-start=\"367\" data-end=\"563\">Inklusive:\u00a0<strong>Fl\u00e4che (+6 m\u00b2 zum Basispaket), Equipment, individuelles Branding, Personal \u2013 und 650 Portionen f\u00fcr zwei Tage.<\/strong><br data-start=\"491\" data-end=\"494\" \/>Mehr Genuss gew\u00fcnscht? 100 zus\u00e4tzliche Portionen f\u00fcr 1173 \u20ac buchbar.<\/p>\n<p data-start=\"565\" data-end=\"631\">Jetzt mit herzhaftem Highlight und starker Pr\u00e4senz durchstarten!<\/p>\n<p data-start=\"565\" data-end=\"631\">Die Ausgabezeiten:<br \/>\nTag 1\u00a0 10:30 bis 18:00 Uhr \/\u00a0 Tag 2\u00a0 10:30 bis 17:00 Uhr<\/p>\n","protected":false},"excerpt":{"rendered":"<p>Hot-Dog-Stand auf dem Summit \u2013 Herzhaft, lecker, un\u00fcbersehbar Verw\u00f6hnt eure Besucher mit frisch zubereiteten Hot Dogs und sorgt f\u00fcr genussvolle Begegnungen direkt an eurem Stand! Der Hot-Dog-Stand wird nahtlos in euren Summit-Auftritt integriert und zieht garantiert Aufmerksamkeit auf sich. Inklusive:\u00a0Fl\u00e4che (+6 m\u00b2 zum Basispaket), Equipment, individuelles Branding, Personal \u2013 und 650 Portionen f\u00fcr zwei Tage.Mehr&hellip; <a class=\"more-link\" href=\"https:\/\/constructionsummit.de\/booking\/shop\/hot-dog-stand\/\"><span class=\"screen-reader-text\">Hot-Dog-Stand<\/span> weiterlesen<\/a><\/p>\n","protected":false},"featured_media":0,"comment_status":"open","ping_status":"closed","template":"","meta":[],"product_brand":[],"product_cat":[39],"product_tag":[],"class_list":{"0":"post-916","1":"product","2":"type-product","3":"status-publish","5":"product_cat-lead-magnets","6":"entry","8":"first","9":"instock","10":"sold-individually","11":"taxable","12":"shipping-taxable","13":"purchasable","14":"product-type-simple"},"_links":{"self":[{"href":"https:\/\/constructionsummit.de\/booking\/wp-json\/wp\/v2\/product\/916","targetHints":{"allow":["GET"]}}],"collection":[{"href":"https:\/\/constructionsummit.de\/booking\/wp-json\/wp\/v2\/product"}],"about":[{"href":"https:\/\/constructionsummit.de\/booking\/wp-json\/wp\/v2\/types\/product"}],"replies":[{"embeddable":true,"href":"https:\/\/constructionsummit.de\/booking\/wp-json\/wp\/v2\/comments?post=916"}],"wp:attachment":[{"href":"https:\/\/constructionsummit.de\/booking\/wp-json\/wp\/v2\/media?parent=916"}],"wp:term":[{"taxonomy":"product_brand","embeddable":true,"href":"https:\/\/constructionsummit.de\/booking\/wp-json\/wp\/v2\/product_brand?post=916"},{"taxonomy":"product_cat","embeddable":true,"href":"https:\/\/constructionsummit.de\/booking\/wp-json\/wp\/v2\/product_cat?post=916"},{"taxonomy":"product_tag","embeddable":true,"href":"https:\/\/constructionsummit.de\/booking\/wp-json\/wp\/v2\/product_tag?post=916"}],"curies":[{"name":"wp","href":"https:\/\/api.w.org\/{rel}","templated":true}]}}